{"id":25,"date":"2025-09-10T12:03:50","date_gmt":"2025-09-10T10:03:50","guid":{"rendered":"http:\/\/localhost\/wordpress\/koszyk\/"},"modified":"2025-12-02T16:26:40","modified_gmt":"2025-12-02T15:26:40","slug":"koszyk","status":"publish","type":"page","link":"https:\/\/truckpol.eu\/?page_id=25","title":{"rendered":"Koszyk"},"content":{"rendered":"\n<div data-block-name=\"woocommerce\/cart\" class=\"wp-block-woocommerce-cart alignwide is-loading\">\n<div data-block-name=\"woocommerce\/filled-cart-block\" class=\"wp-block-woocommerce-filled-cart-block\">\n<div data-block-name=\"woocommerce\/cart-items-block\" class=\"wp-block-woocommerce-cart-items-block\">\n<div data-block-name=\"woocommerce\/cart-line-items-block\" class=\"wp-block-woocommerce-cart-line-items-block\"><\/div>\n\n\n\n<div data-block-name=\"woocommerce\/cart-cross-sells-block\" class=\"wp-block-woocommerce-cart-cross-sells-block\">\n<h2 class=\"wp-block-heading has-large-font-size\">Zobacz inne r\u00f3wnie interesuj\u0105ce\u2026<\/h2>\n\n\n\n<div data-block-name=\"woocommerce\/cart-cross-sells-products-block\" class=\"wp-block-woocommerce-cart-cross-sells-products-block\"><\/div>\n<\/div>\n<\/div>\n\n\n\n<div data-block-name=\"woocommerce\/cart-totals-block\" class=\"wp-block-woocommerce-cart-totals-block\">\n<div data-block-name=\"woocommerce\/cart-order-summary-block\" class=\"wp-block-woocommerce-cart-order-summary-block\">\n<div data-block-name=\"woocommerce\/cart-order-summary-heading-block\" data-content=\"Podsumowanie koszyka\" class=\"wp-block-woocommerce-cart-order-summary-heading-block\"><\/div>\n\n\n\n<div data-block-name=\"woocommerce\/cart-order-summary-coupon-form-block\" class=\"wp-block-woocommerce-cart-order-summary-coupon-form-block\"><\/div>\n\n\n\n<div data-block-name=\"woocommerce\/cart-order-summary-totals-block\" class=\"wp-block-woocommerce-cart-order-summary-totals-block\">\n<div data-block-name=\"woocommerce\/cart-order-summary-subtotal-block\" class=\"wp-block-woocommerce-cart-order-summary-subtotal-block\"><\/div>\n\n\n\n<div data-block-name=\"woocommerce\/cart-order-summary-fee-block\" class=\"wp-block-woocommerce-cart-order-summary-fee-block\"><\/div>\n\n\n\n<div data-block-name=\"woocommerce\/cart-order-summary-discount-block\" class=\"wp-block-woocommerce-cart-order-summary-discount-block\"><\/div>\n\n\n\n<div data-block-name=\"woocommerce\/cart-order-summary-shipping-block\" class=\"wp-block-woocommerce-cart-order-summary-shipping-block\"><\/div>\n\n\n\n<p class=\"has-text-align-left free-shipping has-small-font-size\">W przypadku odbioru osobistego w \u017bernikach Wroc\u0142awskich, brak op\u0142at za wysy\u0142k\u0119.<\/p>\n\n\n\n<div data-block-name=\"woocommerce\/cart-order-summary-taxes-block\" class=\"wp-block-woocommerce-cart-order-summary-taxes-block\"><\/div>\n<\/div>\n<\/div>\n\n\n\n<div data-block-name=\"woocommerce\/cart-express-payment-block\" class=\"wp-block-woocommerce-cart-express-payment-block\"><\/div>\n\n\n\n<div data-block-name=\"woocommerce\/proceed-to-checkout-block\" class=\"wp-block-woocommerce-proceed-to-checkout-block\"><\/div>\n<div id=\"ppcp-recaptcha-v2-container\" style=\"margin:20px 0;\"><\/div>\n\n\n<div data-block-name=\"woocommerce\/cart-accepted-payment-methods-block\" class=\"wp-block-woocommerce-cart-accepted-payment-methods-block\"><\/div>\n<\/div>\n<\/div>\n\n\n\n<div data-block-name=\"woocommerce\/empty-cart-block\" class=\"wp-block-woocommerce-empty-cart-block\">\n<h2 class=\"wp-block-heading has-text-align-center with-empty-cart-icon wc-block-cart__empty-cart__title\">Tw\u00f3j koszyk jest obecnie pusty!<\/h2>\n\n\n\n<hr class=\"wp-block-separator has-alpha-channel-opacity is-style-dots\"\/>\n\n\n\n<h2 class=\"wp-block-heading has-text-align-center\">Nowe w sklepie<\/h2>\n\n\n<div data-block-name=\"woocommerce\/product-new\" data-columns=\"4\" data-rows=\"1\" class=\"wc-block-grid wp-block-product-new wp-block-woocommerce-product-new wc-block-product-new has-4-columns\"><ul class=\"wc-block-grid__products\"><li class=\"wc-block-grid__product\">\n\t\t\t\t<a href=\"https:\/\/truckpol.eu\/?product=11865\" class=\"wc-block-grid__product-link\">\n\t\t\t\t\t\n\t\t\t\t\t<div class=\"wc-block-grid__product-image\"><img fetchpriority=\"high\" decoding=\"async\" width=\"300\" height=\"300\" src=\"https:\/\/truckpol.eu\/wp-content\/uploads\/2026\/03\/1-3-300x300.jpg\" class=\"attachment-woocommerce_thumbnail size-woocommerce_thumbnail\" alt=\"Samochodowy bezpiecznik automatyczny 200A 12V 24V 48V AMIO-03830\" srcset=\"https:\/\/truckpol.eu\/wp-content\/uploads\/2026\/03\/1-3-300x300.jpg 300w, https:\/\/truckpol.eu\/wp-content\/uploads\/2026\/03\/1-3-1024x1024.jpg 1024w, https:\/\/truckpol.eu\/wp-content\/uploads\/2026\/03\/1-3-150x150.jpg 150w, https:\/\/truckpol.eu\/wp-content\/uploads\/2026\/03\/1-3-768x768.jpg 768w, https:\/\/truckpol.eu\/wp-content\/uploads\/2026\/03\/1-3-600x600.jpg 600w, https:\/\/truckpol.eu\/wp-content\/uploads\/2026\/03\/1-3-100x100.jpg 100w, https:\/\/truckpol.eu\/wp-content\/uploads\/2026\/03\/1-3.jpg 1250w\" sizes=\"(max-width: 300px) 100vw, 300px\" \/><\/div>\n\t\t\t\t\t<div class=\"wc-block-grid__product-title\">Samochodowy bezpiecznik automatyczny 200A 12V 24V 48V AMIO-03830<\/div>\n\t\t\t\t<\/a>\n\t\t\t\t<div class=\"wc-block-grid__product-price price\"><span class=\"woocommerce-Price-amount amount\">42,00&nbsp;<span class=\"woocommerce-Price-currencySymbol\">&#122;&#322;<\/span><\/span><\/div>\n\t\t\t\t\n\t\t\t\t<div class=\"wp-block-button wc-block-grid__product-add-to-cart\"><a href=\"\/index.php?rest_route=%2Fwp%2Fv2%2Fpages%2F25&#038;add-to-cart=11865\" aria-label=\"Dodaj do koszyka: &bdquo;Samochodowy bezpiecznik automatyczny 200A 12V 24V 48V AMIO-03830&rdquo;\" data-quantity=\"1\" data-product_id=\"11865\" data-product_sku=\"\" data-price=\"42\" rel=\"nofollow\" class=\"wp-block-button__link  add_to_cart_button ajax_add_to_cart\">Dodaj do koszyka<\/a><\/div>\n\t\t\t<\/li><li class=\"wc-block-grid__product\">\n\t\t\t\t<a href=\"https:\/\/truckpol.eu\/?product=wylacznik-odlacznik-pradu-akumulatora-hebel-12v-24v-amio-03023\" class=\"wc-block-grid__product-link\">\n\t\t\t\t\t\n\t\t\t\t\t<div class=\"wc-block-grid__product-image\"><img decoding=\"async\" width=\"300\" height=\"300\" src=\"https:\/\/truckpol.eu\/wp-content\/uploads\/2026\/03\/1-2-300x300.jpg\" class=\"attachment-woocommerce_thumbnail size-woocommerce_thumbnail\" alt=\"Wy\u0142\u0105cznik od\u0142\u0105cznik pr\u0105du akumulatora hebel 12V 24V AMIO-03023\" srcset=\"https:\/\/truckpol.eu\/wp-content\/uploads\/2026\/03\/1-2-300x300.jpg 300w, https:\/\/truckpol.eu\/wp-content\/uploads\/2026\/03\/1-2-1024x1024.jpg 1024w, https:\/\/truckpol.eu\/wp-content\/uploads\/2026\/03\/1-2-150x150.jpg 150w, https:\/\/truckpol.eu\/wp-content\/uploads\/2026\/03\/1-2-768x768.jpg 768w, https:\/\/truckpol.eu\/wp-content\/uploads\/2026\/03\/1-2-600x600.jpg 600w, https:\/\/truckpol.eu\/wp-content\/uploads\/2026\/03\/1-2-100x100.jpg 100w, https:\/\/truckpol.eu\/wp-content\/uploads\/2026\/03\/1-2.jpg 1250w\" sizes=\"(max-width: 300px) 100vw, 300px\" \/><\/div>\n\t\t\t\t\t<div class=\"wc-block-grid__product-title\">Wy\u0142\u0105cznik od\u0142\u0105cznik pr\u0105du akumulatora hebel 12V 24V AMIO-03023<\/div>\n\t\t\t\t<\/a>\n\t\t\t\t<div class=\"wc-block-grid__product-price price\"><span class=\"woocommerce-Price-amount amount\">32,00&nbsp;<span class=\"woocommerce-Price-currencySymbol\">&#122;&#322;<\/span><\/span><\/div>\n\t\t\t\t\n\t\t\t\t<div class=\"wp-block-button wc-block-grid__product-add-to-cart\"><a href=\"\/index.php?rest_route=%2Fwp%2Fv2%2Fpages%2F25&#038;add-to-cart=11858\" aria-label=\"Dodaj do koszyka: &bdquo;Wy\u0142\u0105cznik od\u0142\u0105cznik pr\u0105du akumulatora hebel 12V 24V AMIO-03023&rdquo;\" data-quantity=\"1\" data-product_id=\"11858\" data-product_sku=\"\" data-price=\"32\" rel=\"nofollow\" class=\"wp-block-button__link  add_to_cart_button ajax_add_to_cart\">Dodaj do koszyka<\/a><\/div>\n\t\t\t<\/li><li class=\"wc-block-grid__product\">\n\t\t\t\t<a href=\"https:\/\/truckpol.eu\/?product=adapter-do-montazu-okna-dachowego-lub-wentylatora-fiat-ducato-6-szt\" class=\"wc-block-grid__product-link\">\n\t\t\t\t\t\n\t\t\t\t\t<div class=\"wc-block-grid__product-image\"><img decoding=\"async\" width=\"300\" height=\"300\" src=\"https:\/\/truckpol.eu\/wp-content\/uploads\/2026\/03\/adapter-2-300x300.jpg\" class=\"attachment-woocommerce_thumbnail size-woocommerce_thumbnail\" alt=\"Adapter do monta\u017cu okna dachowego lub wentylatora Fiat Ducato 6 szt\" srcset=\"https:\/\/truckpol.eu\/wp-content\/uploads\/2026\/03\/adapter-2-300x300.jpg 300w, https:\/\/truckpol.eu\/wp-content\/uploads\/2026\/03\/adapter-2-150x150.jpg 150w, https:\/\/truckpol.eu\/wp-content\/uploads\/2026\/03\/adapter-2-100x100.jpg 100w\" sizes=\"(max-width: 300px) 100vw, 300px\" \/><\/div>\n\t\t\t\t\t<div class=\"wc-block-grid__product-title\">Adapter do monta\u017cu okna dachowego lub wentylatora Fiat Ducato 6 szt<\/div>\n\t\t\t\t<\/a>\n\t\t\t\t<div class=\"wc-block-grid__product-price price\"><span class=\"woocommerce-Price-amount amount\">85,00&nbsp;<span class=\"woocommerce-Price-currencySymbol\">&#122;&#322;<\/span><\/span><\/div>\n\t\t\t\t\n\t\t\t\t<div class=\"wp-block-button wc-block-grid__product-add-to-cart\"><a href=\"\/index.php?rest_route=%2Fwp%2Fv2%2Fpages%2F25&#038;add-to-cart=11855\" aria-label=\"Dodaj do koszyka: &bdquo;Adapter do monta\u017cu okna dachowego lub wentylatora Fiat Ducato 6 szt&rdquo;\" data-quantity=\"1\" data-product_id=\"11855\" data-product_sku=\"\" data-price=\"85\" rel=\"nofollow\" class=\"wp-block-button__link  add_to_cart_button ajax_add_to_cart\">Dodaj do koszyka<\/a><\/div>\n\t\t\t<\/li><li class=\"wc-block-grid__product\">\n\t\t\t\t<a href=\"https:\/\/truckpol.eu\/?product=okno-dachowe-z-wentylatorem-plusfan-40x40-z-pilotem-kamper-przyczepa\" class=\"wc-block-grid__product-link\">\n\t\t\t\t\t\n\t\t\t\t\t<div class=\"wc-block-grid__product-image\"><img loading=\"lazy\" decoding=\"async\" width=\"300\" height=\"300\" src=\"https:\/\/truckpol.eu\/wp-content\/uploads\/2026\/02\/store_01GS5BR97PVJ63J2MBXV7H5ZK2_assets_1741968918080-obraz_2025-03-14_171517493-300x300.webp\" class=\"attachment-woocommerce_thumbnail size-woocommerce_thumbnail\" alt=\"Okno dachowe z wentylatorem PlusFan 40\u00d740 z pilotem -kamper przyczepa\" srcset=\"https:\/\/truckpol.eu\/wp-content\/uploads\/2026\/02\/store_01GS5BR97PVJ63J2MBXV7H5ZK2_assets_1741968918080-obraz_2025-03-14_171517493-300x300.webp 300w, https:\/\/truckpol.eu\/wp-content\/uploads\/2026\/02\/store_01GS5BR97PVJ63J2MBXV7H5ZK2_assets_1741968918080-obraz_2025-03-14_171517493-150x150.webp 150w, https:\/\/truckpol.eu\/wp-content\/uploads\/2026\/02\/store_01GS5BR97PVJ63J2MBXV7H5ZK2_assets_1741968918080-obraz_2025-03-14_171517493-768x768.webp 768w, https:\/\/truckpol.eu\/wp-content\/uploads\/2026\/02\/store_01GS5BR97PVJ63J2MBXV7H5ZK2_assets_1741968918080-obraz_2025-03-14_171517493-600x600.webp 600w, https:\/\/truckpol.eu\/wp-content\/uploads\/2026\/02\/store_01GS5BR97PVJ63J2MBXV7H5ZK2_assets_1741968918080-obraz_2025-03-14_171517493-100x100.webp 100w, https:\/\/truckpol.eu\/wp-content\/uploads\/2026\/02\/store_01GS5BR97PVJ63J2MBXV7H5ZK2_assets_1741968918080-obraz_2025-03-14_171517493.webp 800w\" sizes=\"(max-width: 300px) 100vw, 300px\" \/><\/div>\n\t\t\t\t\t<div class=\"wc-block-grid__product-title\">Okno dachowe z wentylatorem PlusFan 40\u00d740 z pilotem -kamper przyczepa<\/div>\n\t\t\t\t<\/a>\n\t\t\t\t<div class=\"wc-block-grid__product-price price\"><span class=\"woocommerce-Price-amount amount\">1 090,00&nbsp;<span class=\"woocommerce-Price-currencySymbol\">&#122;&#322;<\/span><\/span><\/div>\n\t\t\t\t\n\t\t\t\t<div class=\"wp-block-button wc-block-grid__product-add-to-cart\"><a href=\"\/index.php?rest_route=%2Fwp%2Fv2%2Fpages%2F25&#038;add-to-cart=11842\" aria-label=\"Dodaj do koszyka: &bdquo;Okno dachowe z wentylatorem PlusFan 40\u00d740 z pilotem -kamper przyczepa&rdquo;\" data-quantity=\"1\" data-product_id=\"11842\" data-product_sku=\"\" data-price=\"1090\" rel=\"nofollow\" class=\"wp-block-button__link  add_to_cart_button ajax_add_to_cart\">Dodaj do koszyka<\/a><\/div>\n\t\t\t<\/li><\/ul><\/div><\/div>\n<\/div>\n","protected":false},"excerpt":{"rendered":"","protected":false},"author":1,"featured_media":0,"parent":0,"menu_order":0,"comment_status":"closed","ping_status":"closed","template":"","meta":{"footnotes":""},"class_list":["post-25","page","type-page","status-publish","hentry"],"aioseo_notices":[],"jetpack_sharing_enabled":true,"_links":{"self":[{"href":"https:\/\/truckpol.eu\/index.php?rest_route=\/wp\/v2\/pages\/25","targetHints":{"allow":["GET"]}}],"collection":[{"href":"https:\/\/truckpol.eu\/index.php?rest_route=\/wp\/v2\/pages"}],"about":[{"href":"https:\/\/truckpol.eu\/index.php?rest_route=\/wp\/v2\/types\/page"}],"author":[{"embeddable":true,"href":"https:\/\/truckpol.eu\/index.php?rest_route=\/wp\/v2\/users\/1"}],"replies":[{"embeddable":true,"href":"https:\/\/truckpol.eu\/index.php?rest_route=%2Fwp%2Fv2%2Fcomments&post=25"}],"version-history":[{"count":4,"href":"https:\/\/truckpol.eu\/index.php?rest_route=\/wp\/v2\/pages\/25\/revisions"}],"predecessor-version":[{"id":379,"href":"https:\/\/truckpol.eu\/index.php?rest_route=\/wp\/v2\/pages\/25\/revisions\/379"}],"wp:attachment":[{"href":"https:\/\/truckpol.eu\/index.php?rest_route=%2Fwp%2Fv2%2Fmedia&parent=25"}],"curies":[{"name":"wp","href":"https:\/\/api.w.org\/{rel}","templated":true}]}}