{"id":11884,"date":"2026-04-10T21:02:01","date_gmt":"2026-04-10T19:02:01","guid":{"rendered":"https:\/\/truckpol.eu\/?post_type=product&#038;p=11884"},"modified":"2026-04-10T21:02:01","modified_gmt":"2026-04-10T19:02:01","slug":"regulator-ladowania-smartsolar-100v-30a-bt","status":"publish","type":"product","link":"https:\/\/truckpol.eu\/?product=regulator-ladowania-smartsolar-100v-30a-bt","title":{"rendered":"Regulator \u0142adowania SmartSolar 100V\/30A BT."},"content":{"rendered":"<p>Regulatory \u0142adowania MPPT wyposa\u017cone w funkcj\u0119 \u015bledzenia punktu mocy to nowoczesne urz\u0105dzenia umo\u017cliwiaj\u0105ce wydajniejsza prac\u0119 z tradycyjnymi panelami s\u0142onecznymi. Dzi\u0119ki zaawansowanej elektronice regulator \u015bledzi najbardziej optymalne parametry pracy i napi\u0119cie panela s\u0142onecznego, co pozwala na uzyskanie wy\u017cszej sprawno\u015bci i wydajno\u015bci ni\u017c tradycyjne regulatory \u0142adowania PWM o 10% &#8211; 30%. Regulatory Victron Energy MPPT cechuj\u0105 si\u0119 r\u00f3wnie\u017c wy\u017csz\u0105 wydajno\u015bci\u0105 pracy podczas pochmurnych dni lub w p\u00f3\u0142cieniu.Decyduj\u0105c si\u0119 na wprowadzenie do naszej oferty regulator\u00f3w MPPT postawili\u015bmy na Holendersk\u0105 firm\u0119 Victron Energy, oferuj\u0105c\u0105 najwy\u017csz\u0105 wydajno\u015b\u0107 oraz optymaln\u0105 cen\u0119. Regulatory VE s\u0105 cenione i chwalone na rynku fotowoltaicznym oraz deklasuj\u0105 wszystkie regulatory chi\u0144skiej konstrukcji.<\/p>\n<p><img decoding=\"async\" src=\"https:\/\/images.suntrack.pl\/produkty\/regulator\/smartsolar-mppt-100-30-informacje.webp\" alt=\"smartsolar-mppt-100-30-informacje.webp\" \/><\/p>\n<div class=\"d-flex mb-0 fw-semibold h5 bg-white\">\n<div class=\"pb-3 px-0 flex-fill text-left border-bottom border-secondary\">Specyfikacja<\/div>\n<\/div>\n<div class=\"d-flex flex-column flex-md-row bg-light border-bottom fw-semibold\">\n<div class=\"p-2 w-100\">Parametry \/ Model<\/div>\n<div class=\"p-2 w-100\">MPPT Smart Solar 100 | 30<\/div>\n<\/div>\n<div class=\"d-flex bg-white c-table border-bottom fw-normal\">\n<div class=\"p-1 col-6 px-lg-3\">Napi\u0119cie akumulatora<\/div>\n<div class=\"p-1 col-6 px-lg-3\">12\/24 V (auto)<\/div>\n<\/div>\n<div class=\"d-flex bg-white c-table border-bottom fw-normal\">\n<div class=\"p-1 col-6 px-lg-3\">Pr\u0105d znamionowy \u0142adowania<\/div>\n<div class=\"p-1 col-6 px-lg-3\">30 A<\/div>\n<\/div>\n<div class=\"d-flex bg-white c-table border-bottom fw-normal\">\n<div class=\"p-1 col-6 px-lg-3\">Nominalna moc PV, 12V<\/div>\n<div class=\"p-1 col-6 px-lg-3\">440 W<\/div>\n<\/div>\n<div class=\"d-flex bg-white c-table border-bottom fw-normal\">\n<div class=\"p-1 col-6 px-lg-3\">Nominalna moc PV, 24V<\/div>\n<div class=\"p-1 col-6 px-lg-3\">880 W<\/div>\n<\/div>\n<div class=\"d-flex bg-white c-table border-bottom fw-normal\">\n<div class=\"p-1 col-6 px-lg-3\">Maksymalne napi\u0119cie otwartego obwodu PV<\/div>\n<div class=\"p-1 col-6 px-lg-3\">100 V<\/div>\n<\/div>\n<div class=\"d-flex bg-white c-table border-bottom fw-normal\">\n<div class=\"p-1 col-6 px-lg-3\">Max. Pr\u0105d zwarciowy PV<\/div>\n<div class=\"p-1 col-6 px-lg-3\">35 A<\/div>\n<\/div>\n<div class=\"d-flex bg-white c-table border-bottom fw-normal\">\n<div class=\"p-1 col-6 px-lg-3\">Maksymalna wydajno\u015b\u0107<\/div>\n<div class=\"p-1 col-6 px-lg-3\">98%<\/div>\n<\/div>\n<div class=\"d-flex bg-white c-table border-bottom fw-normal\">\n<div class=\"p-1 col-6 px-lg-3\">Konsumpcja w\u0142asna<\/div>\n<div class=\"p-1 col-6 px-lg-3\">12 V: 30 mA 24 V: 20 mA<\/div>\n<\/div>\n<div class=\"d-flex bg-white c-table border-bottom fw-normal\">\n<div class=\"p-1 col-6 px-lg-3\">Napi\u0119cie \u0142adowania &#8222;absorpcja&#8221;<\/div>\n<div class=\"p-1 col-6 px-lg-3\">Ustawienie domy\u015blne: 14,4 V \/ 28,8 V (regulowane)<\/div>\n<\/div>\n<div class=\"d-flex bg-white c-table border-bottom fw-normal\">\n<div class=\"p-1 col-6 px-lg-3\">Napi\u0119cie \u0142adowania &#8222;float&#8221;<\/div>\n<div class=\"p-1 col-6 px-lg-3\">Ustawienie domy\u015blne: 13,8 V \/ 27,6 V (regulowane)<\/div>\n<\/div>\n<div class=\"d-flex bg-white c-table border-bottom fw-normal\">\n<div class=\"p-1 col-6 px-lg-3\">Algorytm \u0142adowania<\/div>\n<div class=\"p-1 col-6 px-lg-3\">Wielostopniowy adaptacyjny<\/div>\n<\/div>\n<div class=\"d-flex bg-white c-table border-bottom fw-normal\">\n<div class=\"p-1 col-6 px-lg-3\">Kompensacja temperatury<\/div>\n<div class=\"p-1 col-6 px-lg-3\">-16 mV \/ \u00b0C lub -32 mV \/ \u00b0C<\/div>\n<\/div>\n<div class=\"d-flex bg-white c-table border-bottom fw-normal\">\n<div class=\"p-1 col-6 px-lg-3\">Ochrona<\/div>\n<div class=\"p-1 col-6 px-lg-3\">Odwrotna polaryzacja PV Zwarcie na wyj\u015bciu Nadmierna temperatura<\/div>\n<\/div>\n<div class=\"d-flex bg-white c-table border-bottom fw-normal\">\n<div class=\"p-1 col-6 px-lg-3\">Temperatura pracy<\/div>\n<div class=\"p-1 col-6 px-lg-3\">-30 do +60 \u00b0C (pe\u0142na moc znamionowa do 40 \u00b0C)<\/div>\n<\/div>\n<div class=\"d-flex bg-white c-table border-bottom fw-normal\">\n<div class=\"p-1 col-6 px-lg-3\">Kompensacja temperatury<\/div>\n<div class=\"p-1 col-6 px-lg-3\">-16 mV \/ \u00b0C lub -32 mV \/ \u00b0C<\/div>\n<\/div>\n<div class=\"d-flex bg-white c-table border-bottom fw-normal\">\n<div class=\"p-1 col-6 px-lg-3\">Temperatura pracy<\/div>\n<div class=\"p-1 col-6 px-lg-3\">-30 do +60\u00b0C (pe\u0142na moc znamionowa do 40\u00b0C)<\/div>\n<\/div>\n<div class=\"d-flex bg-white c-table border-bottom fw-normal\">\n<div class=\"p-1 col-6 px-lg-3\">Wilgotno\u015b\u0107<\/div>\n<div class=\"p-1 col-6 px-lg-3\">95%, bez kondensacji<\/div>\n<\/div>\n<div class=\"d-flex flex-column flex-md-row bg-light border-bottom fw-semibold\">\n<div class=\"p-2 w-100\">Inne<\/div>\n<div class=\"p-2 w-100\"><\/div>\n<\/div>\n<div class=\"d-flex bg-white c-table border-bottom fw-normal\">\n<div class=\"p-1 col-6 px-lg-3\">Kolor<\/div>\n<div class=\"p-1 col-6 px-lg-3\">Niebieski (RAL 5012)<\/div>\n<\/div>\n<div class=\"d-flex bg-white c-table border-bottom fw-normal\">\n<div class=\"p-1 col-6 px-lg-3\">Zaciski zasilania<\/div>\n<div class=\"p-1 col-6 px-lg-3\">16 mm\u00b2 \/ AWG6<\/div>\n<\/div>\n<div class=\"d-flex bg-white c-table border-bottom fw-normal\">\n<div class=\"p-1 col-6 px-lg-3\">Kategoria ochrony<\/div>\n<div class=\"p-1 col-6 px-lg-3\">IP43 (elementy elektroniczne), IP22 (obszar przy\u0142\u0105cza)<\/div>\n<\/div>\n<div class=\"d-flex bg-white c-table border-bottom fw-normal\">\n<div class=\"p-1 col-6 px-lg-3\">Waga<\/div>\n<div class=\"p-1 col-6 px-lg-3\">1,3 kg<\/div>\n<\/div>\n<div class=\"d-flex bg-white c-table border-bottom fw-normal\">\n<div class=\"p-1 col-6 px-lg-3\">Wymiary (h x w x g\u0142)<\/div>\n<div class=\"p-1 col-6 px-lg-3\">130 x 186 x 70 mm<\/div>\n<\/div>\n<div class=\"d-flex bg-white c-table border-bottom fw-normal\">\n<div class=\"p-1 col-6 px-lg-3\">Bezpiecze\u0144stwo<\/div>\n<div class=\"p-1 col-6 px-lg-3\">EN\/IEC 62109-1, UL 1741, CSA C22.2<\/div>\n<\/div>\n","protected":false},"excerpt":{"rendered":"<p>Regulatory \u0142adowania MPPT wyposa\u017cone w funkcj\u0119 \u015bledzenia punktu mocy to nowoczesne urz\u0105dzenia umo\u017cliwiaj\u0105ce wydajniejsza prac\u0119 z tradycyjnymi panelami s\u0142onecznymi. Dzi\u0119ki zaawansowanej elektronice regulator \u015bledzi najbardziej optymalne parametry pracy i napi\u0119cie panela s\u0142onecznego, co pozwala na uzyskanie wy\u017cszej sprawno\u015bci i wydajno\u015bci ni\u017c tradycyjne regulatory \u0142adowania PWM o 10% &#8211; 30%. Regulatory Victron Energy MPPT cechuj\u0105 si\u0119<\/p>\n<div class=\"more-link\">\n\t\t\t\t <a href=\"https:\/\/truckpol.eu\/?product=regulator-ladowania-smartsolar-100v-30a-bt\" class=\"link-btn\"><span>Czytaj dalej <\/span> <i class=\"icofont-thin-double-right\"><\/i><\/a>\n\t\t\t<\/div>\n","protected":false},"featured_media":11885,"comment_status":"open","ping_status":"closed","template":"","meta":[],"product_brand":[27],"product_cat":[24],"product_tag":[],"class_list":{"0":"post-11884","1":"product","2":"type-product","3":"status-publish","4":"has-post-thumbnail","6":"product_brand-victron","7":"product_cat-panele-sloneczne","8":"product_shipping_class-mala","10":"first","11":"instock","12":"shipping-taxable","13":"purchasable","14":"product-type-simple"},"aioseo_notices":[],"jetpack_sharing_enabled":true,"_links":{"self":[{"href":"https:\/\/truckpol.eu\/index.php?rest_route=\/wp\/v2\/product\/11884","targetHints":{"allow":["GET"]}}],"collection":[{"href":"https:\/\/truckpol.eu\/index.php?rest_route=\/wp\/v2\/product"}],"about":[{"href":"https:\/\/truckpol.eu\/index.php?rest_route=\/wp\/v2\/types\/product"}],"replies":[{"embeddable":true,"href":"https:\/\/truckpol.eu\/index.php?rest_route=%2Fwp%2Fv2%2Fcomments&post=11884"}],"wp:featuredmedia":[{"embeddable":true,"href":"https:\/\/truckpol.eu\/index.php?rest_route=\/wp\/v2\/media\/11885"}],"wp:attachment":[{"href":"https:\/\/truckpol.eu\/index.php?rest_route=%2Fwp%2Fv2%2Fmedia&parent=11884"}],"wp:term":[{"taxonomy":"product_brand","embeddable":true,"href":"https:\/\/truckpol.eu\/index.php?rest_route=%2Fwp%2Fv2%2Fproduct_brand&post=11884"},{"taxonomy":"product_cat","embeddable":true,"href":"https:\/\/truckpol.eu\/index.php?rest_route=%2Fwp%2Fv2%2Fproduct_cat&post=11884"},{"taxonomy":"product_tag","embeddable":true,"href":"https:\/\/truckpol.eu\/index.php?rest_route=%2Fwp%2Fv2%2Fproduct_tag&post=11884"}],"curies":[{"name":"wp","href":"https:\/\/api.w.org\/{rel}","templated":true}]}}