{"id":250,"date":"2025-11-24T21:18:05","date_gmt":"2025-11-24T20:18:05","guid":{"rendered":"https:\/\/truckpol.eu\/?post_type=product&#038;p=250"},"modified":"2025-11-24T21:18:06","modified_gmt":"2025-11-24T20:18:06","slug":"belka-ostrzegawcza-pomaranczowa-led-1223x218mm-r10-r65-z-wlacznikiem","status":"publish","type":"product","link":"https:\/\/truckpol.eu\/?product=belka-ostrzegawcza-pomaranczowa-led-1223x218mm-r10-r65-z-wlacznikiem","title":{"rendered":"Belka ostrzegawcza pomara\u0144czowa LED 1223x218mm R10 R65 z w\u0142\u0105cznikiem"},"content":{"rendered":"<p>Belka ostrzegawcza LED 1223x21mm zapewni Ci bezpiecze\u0144stwo , poniewa\u017c b\u0119dziesz doskonale widoczny z du\u017cej odleg\u0142o\u015bci a dzi\u0119ki sterownikowi do\u0142\u0105czonemu do zestawu mo\u017cesz sterowa\u0107 dowolnie o\u015bwietleniem.<br \/>\nW zestawie dostaniesz wszystko co jest potrzebne do monta\u017cu &#8211; przewody do zasilania , bezpieczniki i \u015bruby do mocowania&#8217;<\/p>\n<p>Belka pracuje na napi\u0119ciu 12V oraz 24V<\/p>\n<p>Wbudowane 204 silne diody LED.<\/p>\n<p>Lampa posiada sterownik kt\u00f3rym mo\u017cesz zarz\u0105dza\u0107 nast\u0119puj\u0105cymi funkcjami:<\/p>\n<p>w\u0142\u0105cznik\/wy\u0142\u0105cznik<br \/>\nzmiana tryb\u00f3w b\u0142ysku<br \/>\ntryb jazdy nocnej<br \/>\ntryb jazdy dziennej<\/p>\n<p>PARAMETRY TECHNICZNE:<br \/>\nD\u0142ugo\u015b\u0107 &#8211; 1223 mm<br \/>\nWysoko\u015b\u0107 &#8211; 21 mm<br \/>\nIlo\u015b\u0107 LED 204<br \/>\nMateria\u0142 Klosz: PC, Obudowa: AL<br \/>\nMocowanie \u015bruby<br \/>\nFunkcje 4 b\u0142yski ostrzegawcze, dwa poziomy intensywno\u015bci, dzie\u0144 i noc, panel sterowania<br \/>\nPob\u00f3r mocy 106 W<br \/>\nNapi\u0119cie 12 V\/24 V<br \/>\nCertyfikaty ECE R65, ECE R10<br \/>\nPRZEW\u00d3D 5000 mm<\/p>\n","protected":false},"excerpt":{"rendered":"<p>Belka ostrzegawcza LED 1223x21mm zapewni Ci bezpiecze\u0144stwo , poniewa\u017c b\u0119dziesz doskonale widoczny z du\u017cej odleg\u0142o\u015bci a dzi\u0119ki sterownikowi do\u0142\u0105czonemu do zestawu mo\u017cesz sterowa\u0107 dowolnie o\u015bwietleniem. W zestawie dostaniesz wszystko co jest potrzebne do monta\u017cu &#8211; przewody do zasilania , bezpieczniki i \u015bruby do mocowania&#8217; Belka pracuje na napi\u0119ciu 12V oraz 24V Wbudowane 204 silne diody<\/p>\n<div class=\"more-link\">\n\t\t\t\t <a href=\"https:\/\/truckpol.eu\/?product=belka-ostrzegawcza-pomaranczowa-led-1223x218mm-r10-r65-z-wlacznikiem\" class=\"link-btn\"><span>Czytaj dalej <\/span> <i class=\"icofont-thin-double-right\"><\/i><\/a>\n\t\t\t<\/div>\n","protected":false},"featured_media":251,"comment_status":"open","ping_status":"closed","template":"","meta":[],"product_brand":[],"product_cat":[16],"product_tag":[],"class_list":{"0":"post-250","1":"product","2":"type-product","3":"status-publish","4":"has-post-thumbnail","6":"product_cat-bez-kategorii","7":"product_shipping_class-mala","9":"first","10":"instock","11":"shipping-taxable","12":"purchasable","13":"product-type-simple"},"aioseo_notices":[],"jetpack_sharing_enabled":true,"_links":{"self":[{"href":"https:\/\/truckpol.eu\/index.php?rest_route=\/wp\/v2\/product\/250","targetHints":{"allow":["GET"]}}],"collection":[{"href":"https:\/\/truckpol.eu\/index.php?rest_route=\/wp\/v2\/product"}],"about":[{"href":"https:\/\/truckpol.eu\/index.php?rest_route=\/wp\/v2\/types\/product"}],"replies":[{"embeddable":true,"href":"https:\/\/truckpol.eu\/index.php?rest_route=%2Fwp%2Fv2%2Fcomments&post=250"}],"wp:featuredmedia":[{"embeddable":true,"href":"https:\/\/truckpol.eu\/index.php?rest_route=\/wp\/v2\/media\/251"}],"wp:attachment":[{"href":"https:\/\/truckpol.eu\/index.php?rest_route=%2Fwp%2Fv2%2Fmedia&parent=250"}],"wp:term":[{"taxonomy":"product_brand","embeddable":true,"href":"https:\/\/truckpol.eu\/index.php?rest_route=%2Fwp%2Fv2%2Fproduct_brand&post=250"},{"taxonomy":"product_cat","embeddable":true,"href":"https:\/\/truckpol.eu\/index.php?rest_route=%2Fwp%2Fv2%2Fproduct_cat&post=250"},{"taxonomy":"product_tag","embeddable":true,"href":"https:\/\/truckpol.eu\/index.php?rest_route=%2Fwp%2Fv2%2Fproduct_tag&post=250"}],"curies":[{"name":"wp","href":"https:\/\/api.w.org\/{rel}","templated":true}]}}