{"id":307,"date":"2025-11-29T20:01:41","date_gmt":"2025-11-29T19:01:41","guid":{"rendered":"https:\/\/truckpol.eu\/?post_type=product&#038;p=307"},"modified":"2025-11-29T20:02:08","modified_gmt":"2025-11-29T19:02:08","slug":"lampa-blyskowa-strobo-pomaranczowa-slim-4led-dc12v-24v-lw0037","status":"publish","type":"product","link":"https:\/\/truckpol.eu\/?product=lampa-blyskowa-strobo-pomaranczowa-slim-4led-dc12v-24v-lw0037","title":{"rendered":"Lampa b\u0142yskowa\/strobo pomara\u0144czowa SLIM 4LED , DC12V\/24V LW0037"},"content":{"rendered":"<p><b>Lampa strobo 4x LED slim<\/b>\u00a0<b>LW0037<\/b>\u00a0posiada takie funkcje jak:\u00a0<b>3 b\u0142yski ostrzegawcze.<\/b>\u00a0Charakteryzuje si\u0119 poborem mocy w wysoko\u015bci 9 W.\u00a0<b>LW0037 jest produktem certyfikowanym zgodnie z normami takimi jak ECE R10, ECE R65.<\/b><\/p>\n<p><b>Wykonana z odpornych materia\u0142\u00f3w<\/b><\/p>\n<ul>\n<li>Klosz:\u00a0<b>PMMA<\/b><\/li>\n<li>Obudowa:\u00a0<b>AL<\/b><\/li>\n<li>mocowana:\u00a0<b>na \u015bruby<\/b><\/li>\n<li>Napi\u0119cie:\u00a0<b>12\/24V<\/b><\/li>\n<\/ul>\n<p><b>W\u0142a\u015bciwo\u015bci<\/b><\/p>\n<ul>\n<li>Mocowanie:\u00a0<b>\u015bruby<\/b><\/li>\n<li>Funkcje:\u00a0<b>3 b\u0142yski ostrzegawcze<\/b><\/li>\n<li>Pob\u00f3r mocy:\u00a0<b>9W<\/b><\/li>\n<li>Napi\u0119cie:\u00a0<b>12\/24V<\/b><\/li>\n<li>Certyfikaty:\u00a0<b>ECE R10, ECE R65<\/b><\/li>\n<li>Przew\u00f3d:\u00a0<b>150 mm<\/b><\/li>\n<\/ul>\n<p><b>Instrukcja u\u017cytkowania<\/b><\/p>\n<p>\u00b7\u00a0<b>Po\u0142\u0105czenie lampy z instalacj\u0105 pojazdu musi by\u0107 zaizolowane rurk\u0105 termokurczliw\u0105 lub ewentualnie ta\u015bm\u0105 izolacyjn\u0105 w celu uniemo\u017cliwienia dostania si\u0119 wody i wilgoci do miedzianego przewodu lampy, kt\u00f3re mo\u017ce spowodowa\u0107 uszkodzenie uk\u0142adu elektrycznego. W przypadku lamp z wtyczk\u0105 nale\u017cy bezpiecznie wpi\u0105\u0107 wtyczk\u0119. Nie obcina\u0107 cynowanych ko\u0144c\u00f3wek przewod\u00f3w.<\/b><\/p>\n","protected":false},"excerpt":{"rendered":"<p>Lampa strobo 4x LED slim\u00a0LW0037\u00a0posiada takie funkcje jak:\u00a03 b\u0142yski ostrzegawcze.\u00a0Charakteryzuje si\u0119 poborem mocy w wysoko\u015bci 9 W.\u00a0LW0037 jest produktem certyfikowanym zgodnie z normami takimi jak ECE R10, ECE R65. Wykonana z odpornych materia\u0142\u00f3w Klosz:\u00a0PMMA Obudowa:\u00a0AL mocowana:\u00a0na \u015bruby Napi\u0119cie:\u00a012\/24V W\u0142a\u015bciwo\u015bci Mocowanie:\u00a0\u015bruby Funkcje:\u00a03 b\u0142yski ostrzegawcze Pob\u00f3r mocy:\u00a09W Napi\u0119cie:\u00a012\/24V Certyfikaty:\u00a0ECE R10, ECE R65 Przew\u00f3d:\u00a0150 mm Instrukcja u\u017cytkowania \u00b7\u00a0Po\u0142\u0105czenie<\/p>\n<div class=\"more-link\">\n\t\t\t\t <a href=\"https:\/\/truckpol.eu\/?product=lampa-blyskowa-strobo-pomaranczowa-slim-4led-dc12v-24v-lw0037\" class=\"link-btn\"><span>Czytaj dalej <\/span> <i class=\"icofont-thin-double-right\"><\/i><\/a>\n\t\t\t<\/div>\n","protected":false},"featured_media":308,"comment_status":"open","ping_status":"closed","template":"","meta":[],"product_brand":[],"product_cat":[16],"product_tag":[],"class_list":{"0":"post-307","1":"product","2":"type-product","3":"status-publish","4":"has-post-thumbnail","6":"product_cat-bez-kategorii","8":"first","9":"instock","10":"shipping-taxable","11":"purchasable","12":"product-type-simple"},"aioseo_notices":[],"jetpack_sharing_enabled":true,"_links":{"self":[{"href":"https:\/\/truckpol.eu\/index.php?rest_route=\/wp\/v2\/product\/307","targetHints":{"allow":["GET"]}}],"collection":[{"href":"https:\/\/truckpol.eu\/index.php?rest_route=\/wp\/v2\/product"}],"about":[{"href":"https:\/\/truckpol.eu\/index.php?rest_route=\/wp\/v2\/types\/product"}],"replies":[{"embeddable":true,"href":"https:\/\/truckpol.eu\/index.php?rest_route=%2Fwp%2Fv2%2Fcomments&post=307"}],"wp:featuredmedia":[{"embeddable":true,"href":"https:\/\/truckpol.eu\/index.php?rest_route=\/wp\/v2\/media\/308"}],"wp:attachment":[{"href":"https:\/\/truckpol.eu\/index.php?rest_route=%2Fwp%2Fv2%2Fmedia&parent=307"}],"wp:term":[{"taxonomy":"product_brand","embeddable":true,"href":"https:\/\/truckpol.eu\/index.php?rest_route=%2Fwp%2Fv2%2Fproduct_brand&post=307"},{"taxonomy":"product_cat","embeddable":true,"href":"https:\/\/truckpol.eu\/index.php?rest_route=%2Fwp%2Fv2%2Fproduct_cat&post=307"},{"taxonomy":"product_tag","embeddable":true,"href":"https:\/\/truckpol.eu\/index.php?rest_route=%2Fwp%2Fv2%2Fproduct_tag&post=307"}],"curies":[{"name":"wp","href":"https:\/\/api.w.org\/{rel}","templated":true}]}}