{"id":334,"date":"2025-11-30T13:38:56","date_gmt":"2025-11-30T12:38:56","guid":{"rendered":"https:\/\/truckpol.eu\/?post_type=product&#038;p=334"},"modified":"2025-12-02T23:22:44","modified_gmt":"2025-12-02T22:22:44","slug":"ladowarka-orion-tr-dc-dc-smart-12-12-18a","status":"publish","type":"product","link":"https:\/\/truckpol.eu\/?product=ladowarka-orion-tr-dc-dc-smart-12-12-18a","title":{"rendered":"\u0141adowarka Orion-Tr DC-DC Smart 12\/12-18A"},"content":{"rendered":"<div class=\"h3\">G\u0142\u00f3wne informacje<\/div>\n<div class=\"bot-1\"><\/div>\n<div class=\"bot-2 mb-4\"><\/div>\n<p>\u0141adowarka akumulatora hotelowego Orion-Tr Smart DC-DC jest profesjonaln\u0105, adaptacyjn\u0105, 3-stopniow\u0105 \u0142adowark\u0105 DC na DC z wbudowanym uk\u0142adem Bluetooth. Oznacza to, \u017ce umo\u017cliwia \u0142adowanie akumulatora hotelowego bezpo\u015brednio z alternatora limituj\u0105c pr\u0105d i chroni\u0105c akumulator przed zbyt szybkim \u0142adowaniem.<\/p>\n<p>Przeznaczona jest do stosowania w podw\u00f3jnych uk\u0142adach akumulatorowych w pojazdach lub na \u0142odziach, w kt\u00f3rych akumulator g\u0142\u00f3wny \u0142adowany jest przez alternator i akumulator rozruchowy. Urz\u0105dzenie mo\u017cna monitorowa\u0107 i programowa\u0107 przez Bluetooth za pomoc\u0105 aplikacji Victron Connect, mo\u017cna nim zdalnie sterowa\u0107 zdalnym w\u0142\u0105cznikiem\/wy\u0142\u0105cznikiem, i jest wyposa\u017cony w mechanizm wykrywania pracy silnika.<\/p>\n<p>\u0141adowarki Orion przeznaczone s\u0105 do pracy 12\/12V &#8211; 24\/24V &#8211; 12\/24V i 24\/12V tak aby zapewni\u0107 \u0142adowanie akumulatora hotelowego poprzez akumulator ulokowany w komorze silnika a wi\u0119c przez alternator. Szeroka gama napi\u0119\u0107 oraz pr\u0105d\u00f3w umo\u017cliwia dopasowanie urz\u0105dzenia do istniej\u0105cej instalacji w samochodzie.<\/p>\n<ul class=\"list-group list-group-flush mt-4 mb-4 py-4\">\n<li class=\"list-group-item\">\n<div class=\"d-flex flex-column flex-md-row align-items-left\">\n<div class=\"flex-shrink-0\"><img decoding=\"async\" src=\"https:\/\/images.suntrack.pl\/ikony\/ikona_energia.svg\" alt=\"ikona_energia.svg\" \/><\/div>\n<div class=\"flex-grow-1 ms-md-3 mt-3 mt-md-0 text-left\">\n<div class=\"h4 card-title text-white\">Wysoka wydajno\u015b\u0107<\/div>\n<p class=\"card-text text-gray\">Orion-Tr Smart to zaawansowana \u0142adowarka pr\u0105du sta\u0142ego do pr\u0105du sta\u0142ego, kt\u00f3ra dzia\u0142a w trzech etapach. Jest przeznaczona do system\u00f3w dwubateryjnych w pojazdach lub na \u0142odziach, gdzie alternator i bateria startowa s\u0142u\u017c\u0105 do \u0142adowania baterii serwisowej.<\/p>\n<\/div>\n<\/div>\n<\/li>\n<li class=\"list-group-item mt-4\">\n<div class=\"d-flex flex-column flex-md-row align-items-left\">\n<div class=\"flex-shrink-0\"><img decoding=\"async\" src=\"https:\/\/images.suntrack.pl\/ikony\/ico-wifi.svg\" alt=\"ikona_bateria.svg\" \/><\/div>\n<div class=\"flex-grow-1 ms-md-3 mt-3 mt-md-0 text-left\">\n<div class=\"h4 card-title text-white\">Modu\u0142 Bluetooth<\/div>\n<p class=\"card-text text-gray\">Orion-Tr Smart ma wbudowany modu\u0142 Bluetooth, dzi\u0119ki kt\u00f3remu mo\u017cna go monitorowa\u0107 i programowa\u0107 za pomoc\u0105 aplikacji VictronConnect. Pozwala to na zdalne sterowanie oraz wykrywanie pracy silnika.<\/p>\n<\/div>\n<\/div>\n<\/li>\n<li class=\"list-group-item mt-4\">\n<div class=\"d-flex flex-column flex-md-row align-items-left\">\n<div class=\"flex-shrink-0\"><img decoding=\"async\" src=\"https:\/\/images.suntrack.pl\/ikony\/ikona_profesjonalny.svg\" alt=\"ikona_integracja.svg\" \/><\/div>\n<div class=\"flex-grow-1 ms-md-3 mt-3 mt-md-0 text-left\">\n<div class=\"h4 card-title text-white\">Ochrona akumulatora<\/div>\n<p class=\"card-text text-gray\">Orion-Tr Smart umo\u017cliwia bezpo\u015brednie \u0142adowanie akumulatora hotelowego z alternatora, kontroluj\u0105c pr\u0105d i chroni\u0105c akumulator przed zbyt szybkim \u0142adowaniem.<\/p>\n<\/div>\n<\/div>\n<\/li>\n<\/ul>\n<div class=\"d-flex mb-0 fw-semibold h5 bg-white\">\n<div class=\"pb-3 px-0 flex-fill text-left border-bottom border-secondary\">Specyfikacja<\/div>\n<\/div>\n<div class=\"d-flex flex-column flex-md-row bg-light border-bottom fw-semibold\">\n<div class=\"p-2 w-100\">Parametry \/ Model<\/div>\n<div class=\"p-2 w-100\">Orion-Tr Smart 12\/12-18A Isolated DC-DC charger<\/div>\n<\/div>\n<div class=\"d-flex bg-white c-table border-bottom fw-normal\">\n<div class=\"p-1 col-6 px-lg-3\">Zakres napi\u0119cia wej\u015bciowego<\/div>\n<div class=\"p-1 col-6 px-lg-3\">8-17 V<\/div>\n<\/div>\n<div class=\"d-flex bg-white c-table border-bottom fw-normal\">\n<div class=\"p-1 col-6 px-lg-3\">Wy\u0142\u0105czenie przy podnapi\u0119ciu<\/div>\n<div class=\"p-1 col-6 px-lg-3\">7 V<\/div>\n<\/div>\n<div class=\"d-flex bg-white c-table border-bottom fw-normal\">\n<div class=\"p-1 col-6 px-lg-3\">Restart przy podnapi\u0119ciu<\/div>\n<div class=\"p-1 col-6 px-lg-3\">7,5 V<\/div>\n<\/div>\n<div class=\"d-flex bg-white c-table border-bottom fw-normal\">\n<div class=\"p-1 col-6 px-lg-3\">Nominalne napi\u0119cie wyj\u015bciowe<\/div>\n<div class=\"p-1 col-6 px-lg-3\">12,2 V<\/div>\n<\/div>\n<div class=\"d-flex bg-white c-table border-bottom fw-normal\">\n<div class=\"p-1 col-6 px-lg-3\">Zakres regulacji napi\u0119cia wyj\u015bcia<\/div>\n<div class=\"p-1 col-6 px-lg-3\">10-15 V<\/div>\n<\/div>\n<div class=\"d-flex bg-white c-table border-bottom fw-normal\">\n<div class=\"p-1 col-6 px-lg-3\">Tolerancja napi\u0119cia wyj\u015bciowego<\/div>\n<div class=\"p-1 col-6 px-lg-3\">+\/- 0.2 V<\/div>\n<\/div>\n<div class=\"d-flex bg-white c-table border-bottom fw-normal\">\n<div class=\"p-1 col-6 px-lg-3\">Szum wyj\u015bciowy<\/div>\n<div class=\"p-1 col-6 px-lg-3\">2mV rms<\/div>\n<\/div>\n<div class=\"d-flex bg-white c-table border-bottom fw-normal\">\n<div class=\"p-1 col-6 px-lg-3\">Ci\u0105g\u0142y pr\u0105d wyj\u015bciowy przy nominalnym napi\u0119ciu wyj\u015bcia 40 \u00b0C<\/div>\n<div class=\"p-1 col-6 px-lg-3\">18 A<\/div>\n<\/div>\n<div class=\"d-flex bg-white c-table border-bottom fw-normal\">\n<div class=\"p-1 col-6 px-lg-3\">Maksymalny pr\u0105d wyj\u015bciowy (10 s) przy nominalnym napi\u0119ciu wyj\u015bciowym minus 20 %<\/div>\n<div class=\"p-1 col-6 px-lg-3\">25 A<\/div>\n<\/div>\n<div class=\"d-flex bg-white c-table border-bottom fw-normal\">\n<div class=\"p-1 col-6 px-lg-3\">Pr\u0105d wyj\u015bciowy zwarcia<\/div>\n<div class=\"p-1 col-6 px-lg-3\">40 A<\/div>\n<\/div>\n<div class=\"d-flex bg-white c-table border-bottom fw-normal\">\n<div class=\"p-1 col-6 px-lg-3\">Moc wyj\u015bciowa przy 25 \u00b0C<\/div>\n<div class=\"p-1 col-6 px-lg-3\">280 W<\/div>\n<\/div>\n<div class=\"d-flex bg-white c-table border-bottom fw-normal\">\n<div class=\"p-1 col-6 px-lg-3\">Moc wyj\u015bciowa przy 40 \u00b0C<\/div>\n<div class=\"p-1 col-6 px-lg-3\">220 W<\/div>\n<\/div>\n<div class=\"d-flex bg-white c-table border-bottom fw-normal\">\n<div class=\"p-1 col-6 px-lg-3\">Sprawno\u015b\u0107<\/div>\n<div class=\"p-1 col-6 px-lg-3\">87 %<\/div>\n<\/div>\n<div class=\"d-flex bg-white c-table border-bottom fw-normal\">\n<div class=\"p-1 col-6 px-lg-3\">Pr\u0105d wej\u015bciowy bez obci\u0105\u017cenia (2)<\/div>\n<div class=\"p-1 col-6 px-lg-3\">&lt; 80 mA<\/div>\n<\/div>\n<div class=\"d-flex bg-white c-table border-bottom fw-normal\">\n<div class=\"p-1 col-6 px-lg-3\">Pob\u00f3r pr\u0105du w trybie czuwania<\/div>\n<div class=\"p-1 col-6 px-lg-3\">&lt; 1 mA<\/div>\n<\/div>\n<div class=\"d-flex bg-white c-table border-bottom fw-normal\">\n<div class=\"p-1 col-6 px-lg-3\">Izolacja galwaniczna<\/div>\n<div class=\"p-1 col-6 px-lg-3\">200 V pr\u0105du sta\u0142ego mi\u0119dzy wej\u015bciem, wyj\u015bciem a obudow\u0105<\/div>\n<\/div>\n<div class=\"d-flex bg-white c-table border-bottom fw-normal\">\n<div class=\"p-1 col-6 px-lg-3\">Zakres temperatur pracy<\/div>\n<div class=\"p-1 col-6 px-lg-3\">od -20 do +55 \u00b0C (obni\u017cenie o 3% na \u00b0C powy\u017cej 40 \u00b0C)<\/div>\n<\/div>\n<div class=\"d-flex bg-white c-table border-bottom fw-normal\">\n<div class=\"p-1 col-6 px-lg-3\">Wilgotno\u015b\u0107<\/div>\n<div class=\"p-1 col-6 px-lg-3\">Maks. 95% bez kondensacji<\/div>\n<\/div>\n<div class=\"d-flex bg-white c-table border-bottom fw-normal\">\n<div class=\"p-1 col-6 px-lg-3\">Z\u0142\u0105cze pr. sta\u0142ego (DC)<\/div>\n<div class=\"p-1 col-6 px-lg-3\">Zaciski przykr\u0119cane<\/div>\n<\/div>\n<div class=\"d-flex bg-white c-table border-bottom fw-normal\">\n<div class=\"p-1 col-6 px-lg-3\">Maksymalny przekr\u00f3j przewodu<\/div>\n<div class=\"p-1 col-6 px-lg-3\">16 mm\u00b2 AWG6<\/div>\n<\/div>\n<div class=\"d-flex bg-white c-table border-bottom fw-normal\">\n<div class=\"p-1 col-6 px-lg-3\">Waga<\/div>\n<div class=\"p-1 col-6 px-lg-3\">1,3 kg<\/div>\n<\/div>\n<div class=\"d-flex bg-white c-table border-bottom fw-normal\">\n<div class=\"p-1 col-6 px-lg-3\">Wymiary wys. x szer. x g\u0142.<\/div>\n<div class=\"p-1 col-6 px-lg-3\">130 x 186 x 70 mm<\/div>\n<\/div>\n<div class=\"d-flex bg-white c-table border-bottom fw-normal\">\n<div class=\"p-1 col-6 px-lg-3\">Klasa ochrony<\/div>\n<div class=\"p-1 col-6 px-lg-3\">IP43 (podzespo\u0142y elektroniczne), IP22 (obszar po\u0142\u0105czenia)<\/div>\n<\/div>\n<div class=\"d-flex bg-white c-table border-bottom fw-normal\">\n<div class=\"p-1 col-6 px-lg-3\">Bezpiecze\u0144stwo<\/div>\n<div class=\"p-1 col-6 px-lg-3\">EN 60950<\/div>\n<\/div>\n<div class=\"d-flex bg-white c-table border-bottom fw-normal\">\n<div class=\"p-1 col-6 px-lg-3\">Emisja \/ Odporno\u015b\u0107<\/div>\n<div class=\"p-1 col-6 px-lg-3\">EN 61000-6-3, EN 55014-1 \/ EN 61000-6-2, EN 61000-6-1, EN 55014-2<\/div>\n<\/div>\n<div class=\"d-flex bg-white c-table border-bottom fw-normal\">\n<div class=\"p-1 col-6 px-lg-3\">Dyrektywa motoryzacyjna<\/div>\n<div class=\"p-1 col-6 px-lg-3\">ECE R10-5<\/div>\n<\/div>\n","protected":false},"excerpt":{"rendered":"<p>G\u0142\u00f3wne informacje \u0141adowarka akumulatora hotelowego Orion-Tr Smart DC-DC jest profesjonaln\u0105, adaptacyjn\u0105, 3-stopniow\u0105 \u0142adowark\u0105 DC na DC z wbudowanym uk\u0142adem Bluetooth. Oznacza to, \u017ce umo\u017cliwia \u0142adowanie akumulatora hotelowego bezpo\u015brednio z alternatora limituj\u0105c pr\u0105d i chroni\u0105c akumulator przed zbyt szybkim \u0142adowaniem. Przeznaczona jest do stosowania w podw\u00f3jnych uk\u0142adach akumulatorowych w pojazdach lub na \u0142odziach, w kt\u00f3rych akumulator<\/p>\n<div class=\"more-link\">\n\t\t\t\t <a href=\"https:\/\/truckpol.eu\/?product=ladowarka-orion-tr-dc-dc-smart-12-12-18a\" class=\"link-btn\"><span>Czytaj dalej <\/span> <i class=\"icofont-thin-double-right\"><\/i><\/a>\n\t\t\t<\/div>\n","protected":false},"featured_media":335,"comment_status":"open","ping_status":"closed","template":"","meta":[],"product_brand":[27],"product_cat":[24,28],"product_tag":[],"class_list":{"0":"post-334","1":"product","2":"type-product","3":"status-publish","4":"has-post-thumbnail","6":"product_brand-victron","7":"product_cat-panele-sloneczne","8":"product_cat-ladowanie-dodatkowego-akumulatora","9":"product_shipping_class-mala","11":"first","12":"instock","13":"shipping-taxable","14":"purchasable","15":"product-type-simple"},"aioseo_notices":[],"jetpack_sharing_enabled":true,"_links":{"self":[{"href":"https:\/\/truckpol.eu\/index.php?rest_route=\/wp\/v2\/product\/334","targetHints":{"allow":["GET"]}}],"collection":[{"href":"https:\/\/truckpol.eu\/index.php?rest_route=\/wp\/v2\/product"}],"about":[{"href":"https:\/\/truckpol.eu\/index.php?rest_route=\/wp\/v2\/types\/product"}],"replies":[{"embeddable":true,"href":"https:\/\/truckpol.eu\/index.php?rest_route=%2Fwp%2Fv2%2Fcomments&post=334"}],"wp:featuredmedia":[{"embeddable":true,"href":"https:\/\/truckpol.eu\/index.php?rest_route=\/wp\/v2\/media\/335"}],"wp:attachment":[{"href":"https:\/\/truckpol.eu\/index.php?rest_route=%2Fwp%2Fv2%2Fmedia&parent=334"}],"wp:term":[{"taxonomy":"product_brand","embeddable":true,"href":"https:\/\/truckpol.eu\/index.php?rest_route=%2Fwp%2Fv2%2Fproduct_brand&post=334"},{"taxonomy":"product_cat","embeddable":true,"href":"https:\/\/truckpol.eu\/index.php?rest_route=%2Fwp%2Fv2%2Fproduct_cat&post=334"},{"taxonomy":"product_tag","embeddable":true,"href":"https:\/\/truckpol.eu\/index.php?rest_route=%2Fwp%2Fv2%2Fproduct_tag&post=334"}],"curies":[{"name":"wp","href":"https:\/\/api.w.org\/{rel}","templated":true}]}}