{"id":411,"date":"2025-12-07T13:31:16","date_gmt":"2025-12-07T12:31:16","guid":{"rendered":"https:\/\/truckpol.eu\/?post_type=product&#038;p=411"},"modified":"2025-12-07T21:26:04","modified_gmt":"2025-12-07T20:26:04","slug":"klimatyzator-sinclair-terrel-35kw-grzanie-chlodzenie","status":"publish","type":"product","link":"https:\/\/truckpol.eu\/?product=klimatyzator-sinclair-terrel-35kw-grzanie-chlodzenie","title":{"rendered":"Klimatyzator SINCLAIR TERREL 3,5kW &#8211; Grzanie\/Ch\u0142odzenie"},"content":{"rendered":"<p><b>DANE ELEKTRYCZNEKlimatyzator Serii\u00a0<strong>Terrel\u00a0<\/strong>jest urz\u0105dzeniem pracuj\u0105cym na ekologicznym czynniku ch\u0142odniczym R32. Charakteryzuje si\u0119 wysok\u0105 klas\u0105 energetyczn\u0105 oraz 7 pr\u0119dko\u015bciami wentylatora. Klimatyzatory dost\u0119pne s\u0105 \u00a0w 4 wariantach kolorystycznych: bia\u0142y(W), srebrny(S), szampa\u0144ski(C) oraz czarny(B). Dzi\u0119ki \u00a0wbudowanemu modu\u0142owi WI-FI mo\u017cliwa jest zdalna obs\u0142uga urz\u0105dze\u0144. Klimatyzatory serii\u00a0<strong>Terrel \u00a0<\/strong>przystosowane s\u0105 do ca\u0142orocznej pracy w\u00a0trybie ch\u0142odzenia. Jednostki wewn\u0119trzne s\u0105 kompatybilne z\u00a0systemami split oraz multi split.<\/b><\/p>\n<p><b>DANE ELEKTRYCZNE<\/b><\/p>\n<ul>\n<li><b>Wydajno\u015b\u0107 ch\u0142odzenie \/ grzanie:<\/b>\u00a03,5 (1,0\u20133,8) \/ 3,8 (0,9\u20134,7) kW<\/li>\n<li><b>Napi\u0119cie \/ cz\u0119stotliwo\u015b\u0107:<\/b>\u00a0220-240 \/ 50 V \/ Hz<\/li>\n<li><b>Nominalny pob\u00f3r mocy ch\u0142odzenie \/ grzanie:<\/b>\u00a0962 \/ 953 W<\/li>\n<li><b>Nominalny pob\u00f3r pr\u0105du ch\u0142odzenie \/ grzanie:<\/b>\u00a04,3 \/ 4,6 A<\/li>\n<li><b>SEER \/ SCOP:<\/b>\u00a07,1 \/ 4,1<\/li>\n<li><b>Klasa efektywno\u015bci energetycznej w trybie ch\u0142odzenia \/ grzania (umiarkowany):<\/b>\u00a0A++ \/ A+<\/li>\n<\/ul>\n<p><b>TECHNOLOGIA SPR\u0118\u017bARKI<\/b><\/p>\n<ul>\n<li><b>Typ spr\u0119\u017carki:<\/b>\u00a0DC INVERTER<\/li>\n<\/ul>\n<p><b>PRZEP\u0141YW POWIETRZA<\/b><\/p>\n<ul>\n<li><b>Przep\u0142yw powietrza &#8211; jedn. wewn.:<\/b>\u00a0Przep\u0142yw powietrza &#8211; jedn. zewn.<\/li>\n<li><b>700 \/ 650 \/ 600 \/ 540 \/ 480 \/ 420 \/ 360 m\u00b3\/h:<\/b>\u00a01950 m\u00b3\/h<\/li>\n<\/ul>\n<p><b>CI\u015aNIENIE AKUSTYCZNE<\/b><\/p>\n<ul>\n<li><b>Poziom ci\u015bnienia akustycznego jedn. wewn.:<\/b>\u00a0Poziom ci\u015bnienia akustycznego jedn. zewn.<\/li>\n<li><b>42 \/ 38 \/ 35 \/ 32 \/ 29 \/ 27 \/ 25 dB(A):<\/b>\u00a052 dB(A)<\/li>\n<\/ul>\n<p><b>MOC AKUSTYCZNA<\/b><\/p>\n<ul>\n<li><b>Poziom mocy akustycznej jedn. wewn.:<\/b>\u00a0Poziom mocy akustycznej jedn. zewn.<\/li>\n<li><b>57 \/ 50 \/ 47 \/ 44 \/ 41 \/ 39 \/ 37 dB(A):<\/b>\u00a063 dB(A)<\/li>\n<\/ul>\n<p><b>WYDAJNO\u015a\u0106 OSUSZANIA<\/b><\/p>\n<ul>\n<li><b>Osuszanie:<\/b>\u00a01,4 l\/h<\/li>\n<\/ul>\n<p><b>CZYNNIK CH\u0141ODNICZY<\/b><\/p>\n<ul>\n<li><b>Typ czynnika ch\u0142odniczego:<\/b>\u00a0R32<\/li>\n<li><b>Ilo\u015b\u0107 czynnika ch\u0142odniczego:<\/b>\u00a00,57 kg<\/li>\n<li><b>Ekwiwalent CO2:<\/b>\u00a00,38 t<\/li>\n<\/ul>\n<p><b>ZAKRES REGULACJI TEMPERATURY<\/b><\/p>\n<ul>\n<li><b>Grzanie:<\/b>\u00a016 ~ 30 \u00b0C<\/li>\n<\/ul>\n<p><b>ZAKRES TEMPERATUR PRACY<\/b><\/p>\n<ul>\n<li><b>Grzanie:<\/b>\u00a0Ch\u0142odzenie<\/li>\n<li><b>-25 ~ 30 \u00b0C:<\/b>\u00a0-15 ~ 50 \u00b0C<\/li>\n<\/ul>\n<p><b>WYMIARY \/ WAGA<\/b><\/p>\n<ul>\n<li><b>D\u0142ugo\u015b\u0107 x wysoko\u015b\u0107 x szeroko\u015b\u0107 jedn. wewn.:<\/b>\u00a0889 \u00d7 294 \u00d7 212 mm<\/li>\n<li><b>D\u0142ugo\u015b\u0107 x wysoko\u015b\u0107 x szeroko\u015b\u0107 jedn. zewn.:<\/b>\u00a0732 x 555 x 330 mm<\/li>\n<li><b>Waga netto jedn. wewn. \/ zewn.:<\/b>\u00a011,0 \/ 24,5 kg<\/li>\n<\/ul>\n<p><b>CECHY \/ WYPOSA\u017bENIE<\/b><\/p>\n<ul>\n<li><b>Modu\u0142 WiFi:<\/b>\u00a0Tak<\/li>\n<li><b>Filtr plazmowy:<\/b>\u00a0Tak<\/li>\n<li><b>Funkcja I-Feel:<\/b>\u00a0Tak<\/li>\n<li><b>\u017baluzje prawo-lewo sterowane z pilota:<\/b>\u00a0Tak<\/li>\n<li><b>Ilo\u015b\u0107 bieg\u00f3w wentylatora jedn. wewn.:<\/b>\u00a07<\/li>\n<li><b>Pilot w standardzie:<\/b>\u00a0Bezprzewodowy (YAC1FB9)<\/li>\n<li><b>Mo\u017cliwo\u015b\u0107 pod\u0142\u0105czenia pilota przewodowego:<\/b>\u00a0Tak<\/li>\n<li><b>Styk On\/Off:<\/b>\u00a0Tak<\/li>\n<li><b>Modbus:<\/b>\u00a0Opcjonalnie (SWC-02C lub SWC-04C)<\/li>\n<li><b>Bacnet:<\/b>\u00a0Opcjonalnie (SBG-01)<\/li>\n<li><b>Podgrzewanie spr\u0119\u017carki w niskich temperaturach:<\/b>\u00a0Podgrzewanie wst\u0119pne<\/li>\n<li><b>Grza\u0142ka tacy ociekowej skraplacza:<\/b>\u00a0Tak<\/li>\n<\/ul>\n<h2>W zwi\u0105zku z wprowadzeniem ustawy dz.u. 2017 poz. 1567 od 1 stycznia 2018r. w trosce o ekologi\u0119 i nasz\u0105 planet\u0119 do zakupu urz\u0105dzenia zawieraj\u0105cego fluorowane gazy cieplarniane, w tym klimatyzatora, wymagane jest o\u015bwiadczenie, i\u017c urz\u0105dzenie zostanie zamontowane przez specjalistyczn\u0105 firm\u0119 lub instalatora posiadaj\u0105cych uprawnienia do monta\u017cu urz\u0105dze\u0144 F-GAZ. Dodatkowo klient biznesowy jest zobowi\u0105zany przedstawi\u0107 o\u015bwiadczenie, i\u017c urz\u0105dzenie zostanie zamontowane przez firm\u0119 posiadaj\u0105c\u0105 certyifkat UDT F-GAZ. Wz\u00f3r o\u015bwiadczenia do podpisu otrzymaj\u0105 Pa\u0144stwo od nas drog\u0105 mailow\u0105 po z\u0142o\u017ceniu zam\u00f3wienia.<\/h2>\n<p>&nbsp;<\/p>\n<p>&nbsp;<\/p>\n<p>&nbsp;<\/p>\n<p>&nbsp;<\/p>\n<p>&nbsp;<\/p>\n<p>&nbsp;<\/p>\n<p>&nbsp;<\/p>\n<p>&nbsp;<\/p>\n<p>&nbsp;<\/p>\n<p>&nbsp;<\/p>\n<p>&nbsp;<\/p>\n<p>&nbsp;<\/p>\n<p>&nbsp;<\/p>\n<p>&nbsp;<\/p>\n<p>&nbsp;<\/p>\n<p>&nbsp;<\/p>\n<p>&nbsp;<\/p>\n<p>&nbsp;<\/p>\n<p>&nbsp;<\/p>\n<p>&nbsp;<\/p>\n<p>&nbsp;<\/p>\n","protected":false},"excerpt":{"rendered":"<p>DANE ELEKTRYCZNEKlimatyzator Serii\u00a0Terrel\u00a0jest urz\u0105dzeniem pracuj\u0105cym na ekologicznym czynniku ch\u0142odniczym R32. Charakteryzuje si\u0119 wysok\u0105 klas\u0105 energetyczn\u0105 oraz 7 pr\u0119dko\u015bciami wentylatora. Klimatyzatory dost\u0119pne s\u0105 \u00a0w 4 wariantach kolorystycznych: bia\u0142y(W), srebrny(S), szampa\u0144ski(C) oraz czarny(B). Dzi\u0119ki \u00a0wbudowanemu modu\u0142owi WI-FI mo\u017cliwa jest zdalna obs\u0142uga urz\u0105dze\u0144. Klimatyzatory serii\u00a0Terrel \u00a0przystosowane s\u0105 do ca\u0142orocznej pracy w\u00a0trybie ch\u0142odzenia. Jednostki wewn\u0119trzne s\u0105 kompatybilne z\u00a0systemami split<\/p>\n<div class=\"more-link\">\n\t\t\t\t <a href=\"https:\/\/truckpol.eu\/?product=klimatyzator-sinclair-terrel-35kw-grzanie-chlodzenie\" class=\"link-btn\"><span>Czytaj dalej <\/span> <i class=\"icofont-thin-double-right\"><\/i><\/a>\n\t\t\t<\/div>\n","protected":false},"featured_media":412,"comment_status":"open","ping_status":"closed","template":"","meta":[],"product_brand":[],"product_cat":[29],"product_tag":[],"class_list":{"0":"post-411","1":"product","2":"type-product","3":"status-publish","4":"has-post-thumbnail","6":"product_cat-klimatyzacja-do-domu","7":"product_shipping_class-europaleta","9":"first","10":"instock","11":"shipping-taxable","12":"purchasable","13":"product-type-simple"},"aioseo_notices":[],"jetpack_sharing_enabled":true,"_links":{"self":[{"href":"https:\/\/truckpol.eu\/index.php?rest_route=\/wp\/v2\/product\/411","targetHints":{"allow":["GET"]}}],"collection":[{"href":"https:\/\/truckpol.eu\/index.php?rest_route=\/wp\/v2\/product"}],"about":[{"href":"https:\/\/truckpol.eu\/index.php?rest_route=\/wp\/v2\/types\/product"}],"replies":[{"embeddable":true,"href":"https:\/\/truckpol.eu\/index.php?rest_route=%2Fwp%2Fv2%2Fcomments&post=411"}],"wp:featuredmedia":[{"embeddable":true,"href":"https:\/\/truckpol.eu\/index.php?rest_route=\/wp\/v2\/media\/412"}],"wp:attachment":[{"href":"https:\/\/truckpol.eu\/index.php?rest_route=%2Fwp%2Fv2%2Fmedia&parent=411"}],"wp:term":[{"taxonomy":"product_brand","embeddable":true,"href":"https:\/\/truckpol.eu\/index.php?rest_route=%2Fwp%2Fv2%2Fproduct_brand&post=411"},{"taxonomy":"product_cat","embeddable":true,"href":"https:\/\/truckpol.eu\/index.php?rest_route=%2Fwp%2Fv2%2Fproduct_cat&post=411"},{"taxonomy":"product_tag","embeddable":true,"href":"https:\/\/truckpol.eu\/index.php?rest_route=%2Fwp%2Fv2%2Fproduct_tag&post=411"}],"curies":[{"name":"wp","href":"https:\/\/api.w.org\/{rel}","templated":true}]}}